et o(j) = 2*j - 10. Let i be o(11). Calculate the highest common divisor of i and q.
4
Let v be (-10)/(8/12*-1). Calculate the greatest common factor of v and 30.
15
Let l(a) = 3*a**2 - 3*a + 3. Let h = 10 + -6. Let s be l(h). What is the greatest common factor of s and 13?
13
Suppose 0 = -o - 2*o + 15. Suppose 2*j - 3 = 5. Suppose -j*q = 20, 5*h - o*q - 34 = 41. Calculate the greatest common factor of 10 and h.
10
Suppose -i + 180 = -u + 6*u, -u - 5*i = -36. Suppose 3*v - 39 = -0*v. Suppose 4*a - 35 - v = 0. What is the highest common divisor of u and a?
12
Suppose -l + 24 = 3*l. Let u(v) = v + 6. Let r be u(l). What is the highest common divisor of 8 and r?
4
Let v(c) = c**3 + 7*c**2 + 5*c - 7. Let p be ((-5)/2)/((-4)/(-8)). Let a be v(p). What is the highest common divisor of a and 72?
18
Suppose 0 = 5*s + 4*k - 545, -6*k + 2*k - 505 = -5*s. Let o = s - 276. Let p = 246 + o. What is the highest common factor of p and 30?
15
Let a(x) = x + 8. Let b be a(-7). Suppose 3*k = 3*g + 7 - b, 0 = 5*g - 4*k + 8. Let s = g + 3. What is the highest common factor of 3 and s?
3
Suppose 4*f = 4*c + 20, -3*c + f = 3*f - 10. Let j = 1 - c. Let n be (j/(-2))/((-5)/600). What is the greatest common divisor of 15 and n?
15
Suppose 11*l - 6*l - 600 = 0. Suppose 0 = 7*s - 2*s - l. Calculate the greatest common factor of 12 and s.
12
Suppose 5*n + 207 = 2*y + 2*n, 0 = 5*n - 5. Let u be -27*12/(-16) + 3/4. Calculate the greatest common factor of u and y.
21
Suppose 0 = -5*t + 2 + 78. Let j = 61 - 28. Suppose r - j = -1. What is the greatest common divisor of r and t?
16
Let z be 4/6 + (-380)/(-15). Suppose 5*n - n = -d - z, 0 = -5*d - 4*n - 66. Let i be (8/d)/(-2)*275. What is the greatest common factor of 10 and i?
10
Let p be 18 + (0 - (-1 - 1)). Suppose 0 = q - 4*b + 5*b - p, 0 = -q - 4*b + 23. What is the greatest common divisor of 152 and q?
19
Let u(h) = h**2 + 3*h + 6. Let l be u(-5). Let s be 10/15 + l/3. Let d = s - -18. Calculate the highest common factor of d and 3.
3
Suppose 5*r - 28 = 422. Suppose 2*a + r = 5*a. Calculate the highest common factor of a and 5.
5
Let i be (12/(-9))/(4/(-6)). Suppose r = -2*c + 3, c + 3 = i*r + 2*r. Let k be r/2 - (-1149)/6. What is the greatest common factor of k and 24?
24
Let q(s) = 5*s**2 + 7*s. Let b be q(-5). Let v = -8 + b. Suppose -218 = -3*n - a, 4*n - 5*a + v = 5*n. Calculate the highest common factor of n and 9.
9
Let j be (-3 - 2)*(-1 + -1). What is the highest common factor of 80 and j?
10
Let g(r) = 44*r - 4*r + 16*r - 1. Let f be g(1). Let s(l) = 6*l**3 - l**2. Let b be s(1). Calculate the greatest common divisor of b and f.
5
Let l = 24 - 21. Calculate the greatest common divisor of 1 and l.
1
Let d(a) = 11*a + 8. Let i(m) = 5*m + 4. Let r(h) = -4*d(h) + 9*i(h). Let t be r(5). Calculate the highest common factor of t and 99.
9
Let d(q) = q**2 + 9*q - 5. Let n be d(-11). Suppose 2*c - n = 7. Calculate the highest common divisor of c and 6.
6
Let i(h) = -h**3 - 18*h**2 - 3*h - 40. Let m be i(-18). Calculate the greatest common factor of m and 98.
14
Let a = -32 - -34. Calculate the highest common factor of 2 and a.
2
Let w(x) = 52*x**2 + 5*x + 4. Let g be w(-3). Suppose -d + g - 127 = 0. What is the highest common divisor of d and 30?
30
Let l(q) = -q**3 + 4*q**2 + 5*q + 7. Suppose -2*t + 10 + 0 = 0. Let m be l(t). Calculate the highest common divisor of 7 and m.
7
Let u = -83 - -139. Let m be (-2)/3 + 2/3. Let i be (m - 0 - 2) + 10. What is the greatest common divisor of i and u?
8
Let s(g) = g**3 - 3*g**2 + 2*g - 4. Let x be s(3). Suppose v - 5*n = -x*n + 204, -3*v + 2*n = -577. What is the highest common factor of v and 27?
27
Let d be 36/2*(7 - 0). Calculate the highest common divisor of 14 and d.
14
Suppose 6*f = 8 + 184. Calculate the highest common divisor of 24 and f.
8
Suppose 42 = 3*j + 4*n, 56 = 4*j - 0*j - 2*n. Let l(k) = 119*k - 7. Let f be l(1). Calculate the highest common factor of j and f.
14
Let r(a) = 99*a**2 - 3*a - 2. Let j(g) = g**2 + 4*g + 2. Let t be j(-3). Let q be r(t). What is the highest common divisor of 40 and q?
20
Suppose 37 + 11 = 3*r. Suppose 0*k - 4*k + r = 0. Calculate the highest common factor of 32 and k.
4
Suppose -5*x + 17 + 13 = 0. What is the greatest common factor of x and 9?
3
Suppose j + 4*q = 92, 7*q - 2*q - 430 = -5*j. What is the highest common factor of j and 56?
28
Suppose -3*p = -3*t + 6, 0 = t - 5*p - 2 - 8. Suppose 3*a - 159 + 15 = t. Calculate the greatest common factor of 12 and a.
12
Suppose -4*c = -2*c - 24. Let f = c + 3. Let i(y) = -y**2 + 2*y + 10. Let z be i(0). What is the highest common divisor of f and z?
5
Let r = -102 + 151. Calculate the highest common divisor of r and 7.
7
Suppose 4*x + x = 30. Calculate the highest common factor of 9 and x.
3
Let m be ((-15)/(-2))/(-3)*-14. What is the highest common factor of m and 5?
5
Let u(p) = 4*p**2 - 3*p + 2. Let z be u(1). Suppose 0 = -a + 4*o + 50, -5*o - 165 + 50 = -z*a. What is the highest common factor of a and 90?
30
Let u be (-2 - -4) + 9 - 2. Calculate the greatest common divisor of 9 and u.
9
Suppose k + 2*k = 510. Let d be (-12)/(-28) - (-473)/7. Calculate the highest common factor of k and d.
34
Let j = 13 + -12. What is the greatest common factor of 4 and j?
1
Let m = 196 + -100. Calculate the greatest common factor of m and 24.
24
Suppose -3*p - 2*p - 30 = -2*c, p = -c + 8. What is the greatest common factor of 160 and c?
10
Let g(r) = -r - 1. Let v be g(-3). Suppose 0 = -v*k + 4*u + 48 + 138, -3*k - 3*u + 270 = 0. Calculate the greatest common factor of 13 and k.
13
Let n(c) = c**3 - 4*c**2 - 2*c + 4. Let x be n(4). Let t be 22/x*(7 + -9). What is the highest common divisor of t and 1?
1
Let d(j) = -j**2 + j + 20. Let i = -1 - -1. Let m be d(i). Let z be 2/5 + 392/m. What is the highest common divisor of z and 10?
10
Suppose -3 + 11 = o. Let z(b) be the third derivative of -b**6/120 + b**5/20 + b**3/6 - 11*b**2. Let n be z(3). What is the greatest common factor of o and n?
1
Let l(w) = -6*w - 8. Suppose -4*t = 1 + 19. Let f be l(t). What is the greatest common divisor of 33 and f?
11
Let y be ((-1)/3)/((-1)/6). Let g be 6 + (0/2)/2. Suppose -y*c = -c - g. Calculate the greatest common divisor of c and 15.
3
Let v be -3 + (-2 - -23) - 0. Suppose u + 2*u = 264. Suppose 5*f = n + 229, -2*f = -4*n - u - 18. What is the greatest common factor of v and f?
9
Let r(x) = 11*x - 1. Let f be r(1). What is the highest common factor of f and 20?
10
Let j be (-182)/(-8) + (-18)/24. What is the greatest common divisor of j and 2?
2
Let g be 4/(12/9) - 3. Let d be g/1 - -1 - -1. What is the greatest common divisor of d and 10?
2
Suppose 5*z - 989 = -229. What is the highest common divisor of z and 19?
19
Let k be 15/(-2) - 18/(-12). Let r = 11 + k. Suppose -2*v + 72 = 3*g - 5*v, -r*g = v - 96. Calculate the highest common factor of 100 and g.
20
Let h be -4*(0 - 3/3). Suppose -n - 3*b + h*b = -67, 5*n + 3*b - 303 = 0. What is the greatest common factor of 9 and n?
9
Let b be 398/(-5) - (-8)/(-20). Let u = b - 12. Let k = u + 131. Calculate the greatest common factor of 13 and k.
13
Suppose 11*y - 1560 = y. Calculate the greatest common factor of y and 39.
39
Let j be 4 + 9/(6/2). Suppose -2*k + 4*k - 42 = 0. Calculate the greatest common divisor of k and j.
7
Let q be (-1)/2 - (-33)/6. Suppose 0 = 4*p - 3*p + 2*m - 32, -q*m = 2*p - 68. Calculate the highest common divisor of p and 72.
24
Suppose r + 15 + 18 = v, -5*r = 5*v - 175. Calculate the highest common factor of v and 17.
17
Suppose -5*s - 1 + 16 = 0. Suppose 2*g - 1 = s. Suppose -m + g = 4*j, 2*m + 4*j - 6*j = 4. What is the greatest common factor of 6 and m?
2
Let d = -3 + 2. Let f be (-2)/d + 7 + 2. Let w = 174 - 75. What is the greatest common factor of w and f?
11
Let h(i) = 2*i**2 + 6*i + 9. Let t be h(9). Calculate the greatest common divisor of t and 25.
25
Suppose -3*v = z + v + 13, 26 = 2*z - 5*v. What is the greatest common factor of z and 9?
3
Suppose -5*w = -0*w - 45. Suppose -w*u = -6*u - 84. What is the greatest common divisor of 196 and u?
28
Let v(k) = -6*k - 4. Let l be v(-3). What is the highest common factor of 7 and l?
7
Suppose k + k - 40 = 0. Suppose 3 = 4*a - 2*y - 9, -5*a + 37 = 3*y. What is the highest common divis